base 13, what is -35695 + 4?
-35691
In base 16, what is -64422 + 3?
-6441f
In base 9, what is 172 - -7451?
7633
In base 9, what is 127418 - -3?
127422
In base 2, what is 11111 - 1000011101011001?
-1000011100111010
In base 6, what is -141 + -124454?
-125035
In base 12, what is b26 + 5b2?
1518
In base 12, what is 0 + 112202?
112202
In base 4, what is -111030030 + 33?
-111023331
In base 7, what is 5 + -32203?
-32165
In base 13, what is 4 + 12581?
12585
In base 7, what is -6 - -505122?
505113
In base 8, what is -23 - -202152?
202127
In base 15, what is -1a91 + 152?
-193e
In base 16, what is -5653 - -85?
-55ce
In base 2, what is -11 + -10110011101101?
-10110011110000
In base 8, what is -4063 + 213?
-3650
In base 15, what is 15 - 56?
-41
In base 16, what is 2 + 196a?
196c
In base 9, what is -65342 + -12?
-65354
In base 7, what is -2365446 + 5?
-2365441
In base 13, what is -7 + a41b7?
a41b0
In base 2, what is -1010100 - 100001111?
-101100011
In base 9, what is -515 + -128?
-644
In base 9, what is -175143 + 1?
-175142
In base 16, what is 1a972 + -c?
1a966
In base 14, what is -ac56 + -15?
-ac6b
In base 8, what is 4164 - 102?
4062
In base 6, what is 31513011 - 5?
31513002
In base 12, what is 584b2 + -5?
584a9
In base 12, what is 9 - -2826?
2833
In base 4, what is -3002300 + -1?
-3002301
In base 12, what is -9 - -24b71?
24b64
In base 9, what is -3 + 414688?
414685
In base 5, what is 123243010 - -1?
123243011
In base 11, what is -58 - -80?
23
In base 7, what is -5 - 2105165?
-2105203
In base 14, what is -c9c2a + 2?
-c9c28
In base 10, what is -32356 - -2?
-32354
In base 11, what is 3 + -1150a45?
-1150a42
In base 3, what is -102122 + 10122122?
10020000
In base 5, what is -342 + 13033?
12141
In base 10, what is -9 - -565?
556
In base 8, what is -3 - 25373?
-25376
In base 16, what is 32d45 + -3?
32d42
In base 3, what is -2012100 - 11200?
-2101000
In base 16, what is -c8 + 1fa?
132
In base 3, what is 12 - -202211000000?
202211000012
In base 4, what is -1101031 - 3?
-1101100
In base 10, what is 2 + 28203?
28205
In base 10, what is 163 - 749?
-586
In base 12, what is -9b - 329b?
-337a
In base 3, what is -200110 - -101121?
-21212
In base 16, what is 1c - -1cd3?
1cef
In base 4, what is -331021102 + 0?
-331021102
In base 6, what is 124115300 - -2?
124115302
In base 7, what is 1601556 - -3?
1601562
In base 12, what is -20b - -25?
-1a6
In base 4, what is -1 - -23010211?
23010210
In base 3, what is -1 - -12012102?
12012101
In base 13, what is -5 + 5138?
5133
In base 13, what is -115 - 68?
-180
In base 3, what is 211100220222 - 10?
211100220212
In base 7, what is 1162463 - 3?
1162460
In base 2, what is -100110 + -101101001000100?
-101101001101010
In base 14, what is -d7 + 16b?
74
In base 7, what is 44251 + 4?
44255
In base 10, what is 98799 + 0?
98799
In base 15, what is 441 + -1410?
-ebe
In base 7, what is -6450 - -344?
-6103
In base 12, what is 4 - -33503?
33507
In base 13, what is -382 - -a3?
-2ac
In base 13, what is -11 + -6232?
-6243
In base 5, what is 1132443342 + 1?
1132443343
In base 15, what is -2 + -187d?
-1880
In base 4, what is -103002012 + 11?
-103002001
In base 15, what is 127a57 - -5?
127a5c
In base 11, what is -297a8 + 1?
-297a7
In base 6, what is 2333215 + 2?
2333221
In base 4, what is -1113 + -120330?
-122103
In base 8, what is -1062 - -2017?
735
In base 6, what is 13 + -2035340?
-2035323
In base 11, what is 1963 - 46?
1918
In base 4, what is 202112 - 131?
201321
In base 15, what is 0 - 359d?
-359d
In base 10, what is 84 - 126?
-42
In base 10, what is -10 + 24121?
24111
In base 10, what is -13 - 429?
-442
In base 6, what is -35 + -1025202?
-1025241
In base 2, what is 1110000 - 11001001?
-1011001
In base 12, what is -1275b + 0?
-1275b
In base 16, what is -5 - -d8d4?
d8cf
In base 10, what is 1 - 27175?
-27174
In base 13, what is c8b7 + -10?
c8a7
In base 7, what is -412200 + 11?
-412156
In base 2, what is -100001101 + -10011?
-100100000
In base 8, what is 3 + 13441?
13444
In base 5, what is -10 + -220102?
-220112
In base 9, what is 107 - 8137?
-8030
In base 14, what is -1a1 - 18a6?
-1a67
In base 3, what is 101 + -200220102?
-200220001
In base 8, what is 3 + -71224?
-71221
In base 16, what is -5 + 24b3?
24ae
In base 3, what is -12 + -2221112000?
-2221112012
In base 8, what is -4 - -211222?
211216
In base 12, what is 4 + b81b7?
b81bb
In base 3, what is 11 + 11101211?
11101222
In base 12, what is -2 + 910a6?
910a4
In base 12, what is -b + 18a8?
1899
In base 10, what is -3632 - 7?
-3639
In base 5, what is 10 + 10404110?
10404120
In base 10, what is 1 - 55228?
-55227
In base 3, what is -1001010 - 12?
-1001022
In base 10, what is -15444 - 1?
-15445
In base 7, what is -624430 + 26?
-624401
In base 13, what is 1b0 + -20?
190
In base 8, what is 13450663 + -1?
13450662
In base 13, what is -72 + 45?
-2a
In base 16, what is -1d - -38e8?
38cb
In base 13, what is -c - 2795?
-27a4
In base 9, what is 5 + -41747?
-41742
In base 7, what is 13 + -160556?
-160543
In base 9, what is 2 + -2331026?
-2331024
In base 10, what is 62 - 208?
-146
In base 15, what is -5 - 2882?
-2887
In base 4, what is 3020 + 132031?
201111
In base 12, what is 393b3 + 0?
393b3
In base 14, what is -1 + 4565a?
45659
In base 12, what is 2 + -4b8a?
-4b88
In base 2, what is 10010 + 1011010000101?
1011010010111
In base 11, what is 26935 - 0?
26935
In base 11, what is 133221 + -5?
133217
In base 13, what is 43 + 26c9b?
27011
In base 15, what is 4bcbe - 8?
4bcb6
In base 11, what is -3 - 7322?
-7325
In base 8, what is 144 - 223?
-57
In base 4, what is -3 + -13202203?
-13202212
In base 12, what is 3777b + 13?
37792
In base 6, what is -420 - -101323?
100503
In base 2, what is 101111010110100110 + -11?
101111010110100011
In base 13, what is -4 + 5a17c?
5a178
In base 2, what is -1010101000 + -10111?
-1010111111
In base 6, what is 1 - -3233154?
3233155
In base 7, what is 245244 + 6?
245253
In base 2, what is 10101101001010100 - -10?
10101101001010110
In base 9, what is 2 + -11103?
-11101
In base 5, what is 3204222 + -3?
3204214
In base 7, what is -1 + 2142352?
2142351
In base 4, what is 2003 + -12330?
-10321
In base 7, what is 32 - -333?
365
In base 2, what is -100010 + -11110010011?
-11110110101
In base 14, what is 4d56 + dd?
5055
In base 5, what is -122002 + 341?
-121111
In base 7, what is -542442 + -14?
-542456
In base 11, what is 4828 - -12?
483a
In base 14, what is -140a3 + 4?
-1409d
In base 12, what is -32b7 - 8?
-3303
In base 13, what is ca4aa - 4?
ca4a6
In base 9, what is 3025 - 20?
3005
In base 14, what is -a + -13a1?
-13ab
In base 5, what is 1011 - -2043?
3104
In base 4, what is 100 + 222033221?
222033321
In base 11, what is -1 + 47a395?
47a394
In base 8, what is -234 - 44?
-300
In base 13, what is -b9b513 + -2?
-b9b515
In base 2, what is 1101111 - -1000110001?
1010100000
In base 4, what is 333313 - 3?
333310
In base 15, what is -bc01 + 1?
-bc00
In base 6, what is 513124 - -2?
513130
In base 6, what is 3042 - 254?
2344
In base 8, what is 20757 - -67?
21046
In base 12, what is 5 + -443297?
-443292
In base 7, what is 45401514 + -5?
45401506
In base 5, what is -22202244 + -1?
-22202300
In base 10, what is -1999 + 512?
-1487
In base 2, what is 1110 + 1011111011100111?
1011111011110101
In base 9, what is -264 - 176?
-451
In base 6, what is 1041155 - -4?
1041203
In base 15, what is 4 + 89d?
8a2
In base 13, what is -8 + b1a99?
b1a91
In base 6, what is -43 - -4435144?
4435101
In base 12, what is -105561 + 4?
-105559
In base 16, what is 164caa + 1?
164cab
In base 10, what is 18 + 924?
942
In base 9, what is -1 + -46452?
-46453
In base 12, what is 32 - -21523?
21555
In base 14, what is 6 - -3c1?
3c7
In base 2, what is -101001001111 + 11111?
-101000110000
In base 4, what is -120202 - -112?
-120030
In base 11, what is 24 - -3a71?
3a95
In base 4, what is -302 - -223033?
222131
In base 9, what is -5 + -33445?
-33451
In base 5, what is 222 + 11340?
12112
In base 5, what is -24 + -41324?
-41403
In base 16, what is -22897 - 2?
-22899
In base 10, what is -98 - -7092?
6994
In base 13, what is -35 + 153?
11b
In base 4, what is 10121222 + -11?
10121211
In base 11, what is -4 - -754?
750
In base 9, what is 71882 - -4?
71886
In base 8, what is -5 - -16144?
16137
In base 13, what is -22c + -110?
-33c
In base 7, what is -2